 j be 2/(-3*g/24). Let v(d) = d - 2. What is v(j)?
-6
Let g(h) = -h - 1. Let i(b) = b. Let s(y) = -3*g(y) + 3*i(y). Let n(w) = 24*w + 13. Let f(r) = 2*n(r) - 9*s(r). Determine f(1).
-7
Let o(z) = 5*z - 8. Let a be 3/6*(-2 - 0). Let s(f) = -f + 1. Let j(r) = a*o(r) - 4*s(r). Suppose 24 = 5*q + 7*m - 4*m, -q + 2*m - 3 = 0. What is j(q)?
1
Let a(y) = -3*y**2 - 2*y. Let v be (-60)/(-32) - (-9)/72. Determine a(v).
-16
Let q = 3 + -6. Let o(w) be the first derivative of 9 + 2*w - 1/3*w**3 - 2*w**2. Calculate o(q).
5
Suppose 0 = -15*k - 36 + 51. Let w(y) = -15*y. Determine w(k).
-15
Let r = -18 + 14. Let q be 1 - 12/4 - r. Let z(t) = 0*t**2 + 6*t**q + 5 - 5*t**2 - 2 - 5*t. What is z(5)?
3
Let j(b) = 26*b - 11. Let h(r) = -5*r + 2. Let s(f) = -22*h(f) - 4*j(f). Determine s(1).
6
Let b(l) = -1 + 52*l - 49*l - 2*l**2 + 2*l**3 - l**3. Suppose 4 = -4*i + 4*r, -4*r + 14 = 4*i - 3*i. What is b(i)?
5
Let f = -11 - -22. Let k = f + -8. Let t(y) = -8*y**2 + 12*y + 7. Let o(n) = 2*n**2 - 3*n - 2. Let i(d) = -5*o(d) - t(d). Calculate i(k).
-6
Suppose 4*k = -2*k + 66. Let h be k - (4/(-22) + 35/11). Let x(b) = -b**2 + 9*b - 1. Calculate x(h).
7
Let u(i) be the second derivative of i**4/2 - i**3/2 - 9*i**2/2 - i. Let g(q) = 9*q**2 - 4*q - 13. Let p(z) = -5*g(z) + 7*u(z). What is p(-2)?
-8
Let b(i) = -i**3 - 5*i**2 + 4*i - 5. Let s(g) = -2*g**2 - 10*g + 22. Let c be s(2). Calculate b(c).
7
Let g(c) = c**3 - 7*c**2 - 7*c - 6. Let p be g(8). Let d(y) = 2*y**p - y - 5 - y**3 + 2*y**3 + 2*y**2 - 4*y. Suppose 3*u - 8 = -23. Determine d(u).
-5
Let n(g) = 1 - 11*g - g**3 + 12*g + 3*g**2 + 0. What is n(2)?
7
Let c(s) = s**3 + 7*s**2 - 7*s + 10. Let g be c(-8). Let l(r) = 2*r - 5. Let z(f) = f - 6. Let n(k) = g*z(k) - 3*l(k). Determine n(3).
-9
Let m(f) = f**2 - 5*f + 1. Suppose 2*w = 2 - 26. Let h be w*1/(0 + -3). Suppose -t + 23 = h*t - 2*i, 4*t + 2*i - 22 = 0. What is m(t)?
1
Let y(t) = -t**3 - 6*t**2 - 5. Suppose -2*i - 11 = 1. Give y(i).
-5
Let b(c) = c**2 + 5*c - 6. Let v(w) = w**2 + 10*w - 13. Let f(r) = 5*b(r) - 2*v(r). Determine f(-4).
24
Let j(a) be the third derivative of -a**5/60 + 7*a**4/24 - a**3/3 - a**2. Suppose 0 = -m + 4, 1 = 43*v - 42*v - m. Calculate j(v).
8
Let g(m) be the second derivative of 2*m**4/3 + m**3/3 + m**2/2 + m. Let n be 3/2*(-2)/3. Determine g(n).
7
Let q(n) = -n**3 - 5*n**2 - 2*n - 1. Suppose 3*m = 2*m + 1. Let z(k) = -2*k - 1. Let t be z(m). Calculate q(t).
-13
Let n(s) = 23*s + 1. Let f(g) = -96*g - 1. Let c(z) = -f(z) - 4*n(z). Let k be 8/(-6)*(0 - 3). Calculate c(k).
13
Let g(d) be the third derivative of -d**5/60 - d**4/24 - 7*d**3/3 - 36*d**2 + 20*d. Let m = 4 + -4. What is g(m)?
-14
Let c(o) = 9*o**3 + 9*o - 11. Let j(x) = 5*x**3 + 5*x - 6. Let z(p) = 6*c(p) - 11*j(p). Let i be z(0). Let s(w) = 5 - w**3 - 2*w - 3*w + 4*w. Give s(i).
5
Let r = 100 - 48. Let f(o) = -43 + 101 - r - o - o**2. Suppose 0 = -5*x - 0*x - 25. Calculate f(x).
-14
Let p(a) = -a - 1. Let m be p(-4). Suppose 0 = -m*k - 3*s + 24, -2*k + 2*s - 5*s = -13. Let t = -8 + k. Let z(y) = y**3 - 2*y**2 - 2*y - 3. What is z(t)?
0
Let j(c) = -2*c + 9. Let d(r) = r**2 + 8*r + 18. Let z(l) = l**3 + 7*l**2 + 7*l. Let u be z(-6). Let b be d(u). Calculate j(b).
-3
Let r(y) = 6*y**2 - 26*y**2 - 12 + 10*y**2 - 7*y + 15*y + 9*y**2. What is r(4)?
4
Let n(j) = j**3 - 13*j**2 + 14*j - 20. Let x be n(12). Let w be (-102)/(-24) + (-1)/x. Let t(p) = 2*p + 1. Determine t(w).
9
Let h(p) = -17*p - 4. Let c(d) = -24*d - 6. Let b(u) = -5*c(u) + 7*h(u). Calculate b(3).
5
Suppose 20*o - 52 = -6*o. Let j(x) be the second derivative of 5*x - x**o + 0 + 1/6*x**3. What is j(2)?
0
Suppose -15*m + 5*m + 320 = 0. Suppose 8*b + 0*b = m. Let h(x) = -x**2 - 2*x - 1. Give h(b).
-25
Let c(p) = -54 - 4*p**2 + 6*p + 7*p**2 - 11*p**2 + 0*p + 0*p + p**3. Give c(8).
-6
Suppose 2*q = 3*v - 15, 0 = -11*q + 16*q - 5*v + 35. Let m(z) = -z**2 - 5*z - 5. Calculate m(q).
-11
Let v(f) = -5*f + 3 + 2*f + 8*f**2 + 3*f - 7*f**2 - 8*f. What is v(7)?
-4
Let f be 28/6*-2*(-18)/24. Let s(g) = -g + 4. Calculate s(f).
-3
Suppose 27 = -5*v + 5*q - 43, 3*q - 66 = 5*v. Let m(l) = l + 1. Let r(w) = 8*w + 16. Let t(a) = v*m(a) + r(a). Determine t(3).
-8
Let z(c) be the first derivative of -c**4/4 + 4*c**3/3 + 5*c**2/2 - 29. Let i be z(5). Let m(p) = p**3 + p**2 + p + 13. Determine m(i).
13
Let j(t) = -t**3 - 3*t**2 - 4*t. Let z be 10/4*(0 - (-36)/(-30)). What is j(z)?
12
Let i = 90 + -87. Suppose 0 = -3*j + 3, 2*d = -j - 2*j + 11. Let q(z) = -z + 4 + 4*z - d*z. What is q(i)?
1
Let u(r) = -r**3 + 8*r**2 - 4*r - 17. Let g be u(7). Let f(a) = 2*a**2 - 2*a - 5. Give f(g).
19
Let q(u) = u**2 + 7*u - 1. Suppose -13 - 7 = -5*n. Suppose -j + 5 = -3. Suppose -24 = -n*v + j*v. What is q(v)?
-7
Let f(i) = -2*i - 2. Let y be (-5)/3 - 3/9. Let z be 10/(y - (3 + -7)). Let q = 7 - z. What is f(q)?
-6
Let n(x) = -2*x**3 + 21*x**2 - 21*x - 3. Let v(w) = -w**3 + 11*w**2 - 11*w - 2. Let j(p) = 4*n(p) - 7*v(p). Suppose -2*b = 4*i, 17 - 8 = -3*i. Determine j(b).
-4
Let m(a) = -a - 2. Let q(f) = -f - 1. Let l(w) = -w + 8. Let u be l(6). Let v be q(u). Let y = -7 - v. Give m(y).
2
Suppose -2*v + 22 = -4*o - 4*v, -33 = 5*o - 3*v. Let x(y) = 3*y + 16. Calculate x(o).
-2
Suppose -3*k = -5*y - 1665, y + 557 = -3*k + 4*k. Let x be k/(-245)*7/(-2). Let u(z) = -z + 12. Calculate u(x).
4
Let u(t) = t**2 + 4*t. Let a(b) = b**3 + 15*b**2 + b + 12. Let m be a(-15). Give u(m).
-3
Let r(j) be the third derivative of j**5/60 - 7*j**4/24 + j**3/6 + 2*j**2. Let a(z) = z**3 - z**2 - 8*z + 11. Let y be a(3). Calculate r(y).
-9
Let z be (-450)/(-25) - 1*12. Let w(u) = u**2 - 2*u - 17. What is w(z)?
7
Let j(n) = -n**3 + n**2 + 4*n - 3. Let d be j(2). Let b(o) = -22*o**3 - 1. What is b(d)?
-23
Let r be (-536)/44 + (-4)/(-22). Let k = -9 - r. Let v(x) = -5*x**2 + 2 - 29*x**3 + 30*x**k + 3*x + 1. What is v(4)?
-1
Let k(j) = -j**2 + 5*j + 3. Let l be k(6). Let v(m) = 15*m**2 + 17*m - 8. Let y(z) = 8*z**2 + 9*z - 4. Let b(g) = 6*v(g) - 11*y(g). Calculate b(l).
5
Let b(i) = i**2 - 3*i - 1. Let p be b(5). Let a = 5 - p. Let t(z) = 15*z - 3 - 9*z - 9*z. Give t(a).
9
Let d(p) = -p**2 + 3*p + 5. Let s(w) = -37*w - 34. Let c be s(-1). Give d(c).
5
Suppose -5*u + c + 1 = 0, 4*c = 2*u + 40 - 44. Let q(y) be the third derivative of -y**2 + u - 1/8*y**4 + 0*y + 7/6*y**3. What is q(6)?
-11
Let k(b) = -5*b + 21. Let j(y) = -y + 5. Let g(x) = -9*j(x) + 2*k(x). Let u = -980 - -971. What is g(u)?
6
Let l(r) = -18*r - 1. Let q(u) = u**2 - 5*u + 8. Let y be q(2). Suppose -y*f - 1 = -f. Give l(f).
17
Let n be (-115)/161 + (-40)/(-7). Let s(m) = -m**2 - m - 3. What is s(n)?
-33
Let c(o) = -3*o + 36. Let k be c(12). Let q(u) = -4*u + 3. Let f(y) = -5*y + 4. Let a(z) = 5*f(z) - 6*q(z). Determine a(k).
2
Let y(c) = 171 - 338 - c**2 - 10*c + 172. Determine y(-11).
-6
Let r(h) = h**3 + 6*h**2 + h + 9. Let w be (36/3)/(-5*(-2)/(-5)). What is r(w)?
3
Let y(v) = v**3 + 2*v**2 - 4*v - 4. Let d be y(-3). Let j be (-9)/(-18)*(d + 7). Let z(a) = 2*a**3 + 3*a**3 - 4*a**j + 4 - 6*a + 4*a**2. Calculate z(-5).
9
Let o = -660 + 665. Let q(y) = -3*y**2 + 4*y + 3. Calculate q(o).
-52
Let s = 2066 + -2045. Let i(r) = 4*r - 88. Determine i(s).
-4
Suppose 51 = -0*o + 3*o + 2*b, -o - b = -16. Let r = o - 13. Suppose 0 = 5*c + 5, 4*g + 2*c + r = 0. Let h(l) = -9*l**2 + l + 1. Calculate h(g).
-9
Let z(x) = -5*x**2 + x + 1. Let n(y) = 22*y**2 - 4*y - 4. Let d(h) = 2*n(h) + 9*z(h). What is d(2)?
-1
Suppose -4*t - 20 = -c, 6 + 10 = -2*t - c. Let m(i) = i**3 + 6*i**2 + 2*i + 1. What is m(t)?
-11
Suppose 3*b + 20 = 5*l, -12 = 4*b - b - 3*l. Let s(p) = p. Let d be s(b). Let x(z) = -289*z - z**2 + 289*z + 8. Give x(d).
8
Let l(q) = 2*q + 2. Suppose -3*x + 102 = -0*x. Let u = -1809 + 1811. Suppose 3 = u*d + 2*c - 5*c, -4*d - x = 2*c. Determine l(d).
-10
Let g(l) = 2*l + 12. Suppose -3*c - 10 = d, -6*c - 4*d = -4*c. Calculate g(c).
4
Let m(t) be the second derivative of t**5/20 + t**4/3 - t**3/6 - t**2/2 - 6*t - 3. Give m(-4).
3
Suppose -s - 10 = -6*s. Let o = 3 + 4. Let p(b) = b + b - o*b. What is p(s)?
-10
Let a(c) = -c**2 + 9*c - 3. Let f be a(8). Suppose 2*m + 5 = -p - f, -p - 8 = m. Let r(z) = z**2 + 6*z + 1. Calculate r(p).
1
Let v(c) = 2*c + 4. Let b(n) = -n**3 - 7*n**2 - 5*n + 13. Let x be b(-6). Suppose -x = -4*w + 9